base 7) to base 4.
1233200
Convert -485d (base 16) to base 14.
-6a73
Convert 2a44 (base 16) to base 3.
112211202
Convert -b29 (base 15) to base 3.
-10110010
Convert -13e (base 16) to base 14.
-18a
Convert 1101 (base 2) to base 4.
31
Convert -1000001010 (base 2) to base 10.
-522
Convert -12830 (base 9) to base 15.
-2899
Convert 1022202102 (base 3) to base 7.
135665
What is -1210130 (base 4) in base 15?
-1d88
What is 124440 (base 5) in base 9?
6760
Convert 26455 (base 7) to base 13.
32cb
Convert -152 (base 14) to base 11.
-224
797 (base 12) to base 7
3163
104420 (base 7) to base 4
10133111
Convert -16009 (base 12) to base 6.
-400013
Convert -2022 (base 4) to base 13.
-a8
Convert 1723 (base 8) to base 5.
12404
What is a2d3 (base 15) in base 9?
52160
-1b0 (base 15) to base 10
-390
What is -1010110001111110 (base 2) in base 12?
-2167a
-31104 (base 5) to base 3
-2210011
Convert -2403 (base 5) to base 8.
-541
Convert 244044 (base 5) to base 16.
243a
Convert 12600 (base 7) to base 6.
23353
144341 (base 5) to base 9
8472
-62046 (base 7) to base 2
-11101100010110
9b1 (base 16) to base 7
10143
Convert cb1 (base 15) to base 4.
230302
Convert 12c43 (base 14) to base 13.
18109
Convert -8198 (base 13) to base 16.
-45ce
Convert -18cf (base 16) to base 4.
-1203033
What is -71 (base 9) in base 13?
-4c
115761 (base 8) to base 5
2234141
Convert 11210 (base 3) to base 13.
9c
Convert 840 (base 9) to base 13.
408
What is 13a (base 15) in base 4?
10120
What is -28b (base 14) in base 13?
-308
Convert -2424003 (base 5) to base 13.
-17933
-75 (base 9) to base 10
-68
What is -4c9 (base 13) in base 14?
-441
Convert 207c (base 13) to base 2.
1000110010001
What is -2241131 (base 5) in base 9?
-61078
Convert 11334 (base 6) to base 15.
747
What is 120405 (base 7) in base 10?
21810
Convert -1101022010 (base 3) to base 13.
-c4b9
-2120212 (base 3) to base 11
-1465
-5775 (base 12) to base 11
-7352
-1b5 (base 13) to base 16
-13d
Convert 7347 (base 13) to base 9.
23776
Convert -3230 (base 9) to base 16.
-948
-3c27 (base 16) to base 3
-210010100
-1216 (base 8) to base 16
-28e
Convert c71 (base 14) to base 8.
4623
163 (base 13) to base 4
3322
-d8 (base 15) to base 4
-3023
Convert 2a1a (base 14) to base 5.
214342
What is -c31 (base 15) in base 7?
-11002
-33111300 (base 4) to base 15
-1393c
-11100110100 (base 2) to base 15
-82e
Convert 10002210 (base 4) to base 11.
11484
Convert 515 (base 6) to base 11.
164
Convert 111313001 (base 4) to base 14.
248b7
Convert 10010011001 (base 2) to base 13.
6c7
What is -41285 (base 9) in base 12?
-138b8
What is -35986 (base 11) in base 10?
-51761
110100000100010 (base 2) to base 7
140502
13277 (base 9) to base 8
21424
What is -122015 (base 7) in base 11?
-1583a
2b (base 16) to base 14
31
Convert -2e18 (base 15) to base 16.
-26c3
-32225 (base 8) to base 15
-3ec6
Convert -4442 (base 9) to base 14.
-12a2
2135 (base 7) to base 15
35b
211027 (base 8) to base 5
4221132
Convert -203120 (base 4) to base 8.
-4330
6347 (base 10) to base 3
22201002
-355 (base 11) to base 10
-423
Convert -71c (base 15) to base 7.
-4446
Convert 10436 (base 8) to base 12.
2652
-284e (base 15) to base 6
-103532
Convert -101011001111001 (base 2) to base 13.
-a0cb
What is 21101 (base 4) in base 6?
2425
Convert 2768b (base 12) to base 4.
31110023
Convert -9403 (base 15) to base 4.
-13220232
Convert 11297 (base 11) to base 6.
203320
5765 (base 15) to base 5
1043140
3321122 (base 4) to base 5
1002322
Convert 28b (base 15) to base 16.
245
Convert 18926 (base 13) to base 8.
135112
Convert 5830 (base 10) to base 7.
22666
-42d (base 14) to base 10
-825
Convert 1573 (base 8) to base 4.
31323
Convert -11202 (base 6) to base 3.
-2011202
What is 1030431 (base 5) in base 6?
213320
What is -6c6 (base 16) in base 15?
-7a9
What is -11516 (base 9) in base 2?
-1111000011110
Convert -2245 (base 8) to base 13.
-706
-10226 (base 7) to base 15
-b2e
Convert -931 (base 12) to base 16.
-535
-110010011011010 (base 2) to base 9
-38366
What is -30120330 (base 4) in base 9?
-76546
-22321311 (base 4) to base 10
-44661
What is -10200011 (base 3) in base 11?
-2014
What is -2c3a (base 14) in base 3?
-101211022
Convert 1958 (base 10) to base 4.
132212
What is 12630 (base 10) in base 16?
3156
Convert -2210 (base 6) to base 2.
-111111110
Convert -10245 (base 12) to base 4.
-11021111
Convert 77a (base 12) to base 2.
10001001110
What is -1112112 (base 3) in base 9?
-1475
Convert -101112 (base 3) to base 9.
-345
144362 (base 8) to base 13
1a551
-13311032 (base 4) to base 8
-76516
1014 (base 11) to base 6
10122
2053 (base 15) to base 12
3b50
What is 11011 (base 5) in base 9?
1030
26 (base 8) to base 16
16
Convert -28557 (base 9) to base 13.
-8ab2
-c79 (base 16) to base 11
-2443
534 (base 11) to base 12
456
What is -30a6 (base 12) in base 2?
-1010010111110
What is -326 (base 9) in base 3?
-100220
What is -4784 (base 10) in base 16?
-12b0
-515 (base 11) to base 7
-1545
Convert 38d (base 14) to base 15.
328
What is 11141 (base 6) in base 12?
ab1
11314 (base 7) to base 13
1423
Convert 2161 (base 10) to base 16.
871
Convert 3c9 (base 14) to base 2.
1011111101
Convert -20211 (base 3) to base 2.
-10111000
Convert -2053 (base 7) to base 12.
-504
-15041 (base 6) to base 2
-100101100001
What is 42 (base 9) in base 11?
35
What is -40614 (base 7) in base 10?
-9909
Convert -588 (base 11) to base 12.
-4a5
What is 61462 (base 8) in base 12?
12842
What is -10011202 (base 3) in base 6?
-14415
What is 1018 (base 9) in base 15?
34b
-3663 (base 7) to base 2
-10101011000
1386 (base 10) to base 11
1050
What is -125116 (base 7) in base 6?
-300134
Convert -3113 (base 10) to base 9.
-4238
Convert -43a (base 11) to base 2.
-1000001111
31132321 (base 4) to base 5
3231400
What is 398a (base 12) in base 4?
1212322
What is -320 (base 13) in base 7?
-1361
What is 25c (base 15) in base 2?
1000011001
-c77d (base 14) to base 10
-34411
-17740 (base 11) to base 13
-b406
What is 32425 (base 6) in base 12?
2715
-750 (base 8) to base 16
-1e8
210341 (base 5) to base 6
52135
Convert 22020 (base 3) to base 10.
222
Convert -25517 (base 10) to base 7.
-134252
Convert -111100100001000 (base 2) to base 16.
-7908
4825 (base 10) to base 6
34201
Convert 3621 (base 7) to base 12.
936
Convert 332232 (base 5) to base 7.
45503
11134 (base 5) to base 13
491
What is 308a (base 11) in base 16?
ffb
What is -5301 (base 8) in base 12?
-1715
What is -1174 (base 11) in base 7?
-4320
21144 (base 5) to base 12
9a8
Convert 372 (base 8) to base 2.
11111010
Convert 32423 (base 8) to base 16.
3513
Convert 53a5 (base 11) to base 6.
53005
What is -20020 (base 7) in base 10?
-4816
What is -50 (base 13) in base 9?
-72
-1010202 (base 3) to base 9
-1122
What is 3b0 (base 13) in base 3?
220002
100112012 (base 3) to base 6
52052
What is 541 (base 7) in base 2?
100010010
What is -259 (base 11) in base 7?
-615
66b0 (base 15) to base 6
244433
Convert -1732 (base 16) to base 13.
-291a
Convert 59 (base 13) to base 7.
134
Convert -1101000100100 (base 2) to base 14.
-2620
Convert 221201 (base 3) to base 7.
2011
What is -42404 (base 5) in base 14?
-107c
Convert -52112 (base 7) to base 3.
-122111012
What is 2132 (base 9) in base 14?
800
What is 1100100110 (base 2) in base 3?
1002212
Convert -1270 (base 8) to base 7.
-2013
-2031 (base 5) to base 6
-1122
What is -2a12 (base 15) in base 3?
-110100222
What is -6430 (base 8) in base 15?
-ed7
What is 2650 (base 10) in base 2?
101001011010
Convert 1121 (base 3) to base 6.
111
What is -5523 (base 6) in base 16?
-4fb
Convert 393 (base 11) to base 12.
329
What is -10000000111101 (base 2) in base 6?
-102113
What is -1102420 (base 5) in base 12?
-b086
Convert 58 (base 10) to base 11.
53
3408 (base 11) to base 12
2719
What is -10001101 (base 2) in base 10?
-141
What is -539 (base 11) in base 10?
-647
What is 13cc (base 13) in base 14?
1092
Convert 43558 (base 11) to base 5.
4010400
What is 245 (base 8) in base 13?
c9
What is 10011101001 (base 2) in base 11?
a43
Convert -122030 (base 4) to base 16.
-68c
What is -376 (base 8) in base 11?
-211
Convert -1005530 (base 6) to base 7.
-256515
6d8 (base 16) to base 10
1752
Convert 10230201 (base 4) to base 9.
28340
-210120210 (base 3) to base 16
-3d77
What is -34aa (base 16) in base 9?
-20440
What is 728 (base 12) in base